. Calculate k(-17).
-11
Let r(b) = -17*b**3 - 4*b**2 + b + 4. What is r(1)?
-16
Let n(s) = -4*s - 146. Determine n(30).
-266
Let l(b) = -14*b**2 - 15*b + 31. What is l(2)?
-55
Let q(d) = -50*d - 809. Calculate q(-16).
-9
Let b(v) = -2*v**2 - 37*v + 28. Calculate b(-20).
-32
Let i(k) = k**2 - 8*k - 37. Calculate i(11).
-4
Let p(c) = -c**3 + c**2 + 221*c - 160. Determine p(15).
5
Let q(b) = -475*b - 6697. What is q(-14)?
-47
Let c(u) = -24*u - 33. Give c(6).
-177
Let t(d) = d**2 - 51*d + 487. What is t(38)?
-7
Let l(r) = r**3 + 13*r**2 - 3*r - 175. Calculate l(-12).
5
Let k(h) = -144*h + 477. What is k(3)?
45
Let i(n) = 38*n**2 - 3*n + 11. Calculate i(-2).
169
Let v(r) = 9*r + 133. What is v(-14)?
7
Let u(d) = -d**2 - 4*d + 679. Calculate u(-28).
7
Let f(w) = -8*w + 15. Determine f(5).
-25
Let u(q) = q**3 - 13*q**2 + 53*q - 345. What is u(11)?
-4
Let m(r) = -r**2 + 9*r + 33. What is m(0)?
33
Let h(a) = -4*a**2 - 10652*a + 21314. Determine h(2).
-6
Let j(g) = -g**3 - 48*g**2 + 267*g + 31. Determine j(-53).
-75
Let t(f) = 379*f - 37894. Give t(100).
6
Let v(k) = -3*k**2 + 57*k - 332. Calculate v(19).
-332
Let x(m) = -m**3 + 9*m**2 + 85*m - 35. Calculate x(-7).
154
Let v(f) = -29*f + 562. Give v(19).
11
Let r(n) = -5*n**2 + 168*n - 49. Give r(31).
354
Let v(z) = -4*z**2 - 45*z - 81. What is v(-6)?
45
Let z(f) = -61*f - 4726. Give z(-77).
-29
Let r(y) = 25*y**3 + 3*y**2 + 13*y + 11. Calculate r(-1).
-24
Let z(q) = -2*q**2 - 110*q - 10. Determine z(5).
-610
Let d(n) = 714*n + 2860. Give d(-4).
4
Let k(u) = 2*u**2 - 50*u + 238. Give k(19).
10
Let w(k) = -2*k**2 + 42*k - 195. Determine w(7).
1
Let a(m) = -11*m**2 - 8*m - 14. Give a(-2).
-42
Let v(r) = r**2 + 24*r + 91. Calculate v(-18).
-17
Let r(s) = -s**3 - 72*s**2 + 280*s - 1833. Determine r(-76).
-9
Let t(b) = b**3 - 23*b**2 - 51*b + 72. Give t(25).
47
Let p(a) = 8*a + 405. What is p(-61)?
-83
Let w(m) = -48*m - 1036. Calculate w(-22).
20
Let k(u) = 64*u + 37. Calculate k(-1).
-27
Let r(v) = v**3 - 114*v**2 + 59*v + 6103. What is r(113)?
1
Let t(n) = 194*n**2 - 20*n + 17. Determine t(1).
191
Let s(a) = a**2 - 34*a - 1050. What is s(53)?
-43
Let w(s) = -s**2 - 17*s - 43. Calculate w(-10).
27
Let l(z) = z**3 - 3*z**2 + 2*z - 251. What is l(8)?
85
Let v(b) = -4*b**2 - 22*b + 21. Determine v(1).
-5
Let x(m) = 10*m - 423. What is x(35)?
-73
Let b(h) = -h**2 + 42*h - 211. Determine b(6).
5
Let k(z) = -3*z**3 + 5*z**2 + 10*z + 4. Calculate k(3).
-2
Let h(s) = 2*s**2 + 68*s - 948. Determine h(10).
-68
Let v(k) = 18*k + 261. Determine v(-17).
-45
Let m(x) = -5*x**2 - 163*x + 75. Determine m(-33).
9
Let c(a) = 3*a**2 - 41*a - 34. Determine c(14).
-20
Let n(c) = -1371*c + 4253. Determine n(3).
140
Let x(y) = y**3 + 24*y**2 + y + 627. Determine x(-25).
-23
Let x(c) = 1119*c - 13422. Determine x(12).
6
Let q(i) = 71*i**2 - 3*i - 2. What is q(-1)?
72
Let z(n) = -n**3 - 102*n**2 - 605*n - 2779. What is z(-96)?
5
Let z(v) = -2*v**2 + 21*v + 39. Calculate z(14).
-59
Let s(c) = -43*c**2 + 78*c + 78. What is s(-1)?
-43
Let y(q) = 13*q - 89. What is y(14)?
93
Let l(p) = 2*p**3 + 13*p**2 + 18*p - 11. Determine l(-4).
-3
Let f(j) = -2*j**3 - 21*j**2 - 36*j + 27. Give f(-8).
-5
Let h(t) = -25*t**2 - 1229*t - 228. What is h(-49)?
-32
Let b(y) = 2*y**3 - 38*y**2 + 167*y - 14. Give b(7).
-21
Let j(d) = 76*d**2 - 390*d + 342. Give j(4).
-2
Let g(i) = i**2 - 111*i - 9136. Calculate g(166).
-6
Let s(p) = p**3 - 86*p**2 - 655*p + 298. Calculate s(93).
-74
Let i(l) = -351*l + 5643. Determine i(16).
27
Let x(r) = r**3 + 259*r**2 + 16352*r + 303. Give x(-150).
3
Let p(t) = -432*t - 2592. Determine p(-6).
0
Let o(j) = -j**3 - 6*j**2 + 47*j + 244. What is o(-4)?
24
Let k(b) = 11*b**2 - 4*b + 4. Give k(5).
259
Let l(s) = -2*s**3 + 53*s**2 - 227*s - 60. Calculate l(21).
24
Let d(n) = 4*n - 25. What is d(4)?
-9
Let z(d) = d**2 + 23*d + 59. Determine z(-19).
-17
Let d(l) = 3*l**2 + 29*l + 82. Calculate d(-5).
12
Let q(t) = t**3 + 9*t**2 - 122*t - 177. Give q(-16).
-17
Let v(q) = q**2 + 76*q + 1217. What is v(-25)?
-58
Let h(c) = -67*c + 13122. Calculate h(196).
-10
Let d(s) = 267*s - 1758. Determine d(9).
645
Let m(f) = f**2 + 45*f - 249. Give m(5).
1
Let b(t) = 290*t - 2. Give b(1).
288
Let f(c) = 3*c**2 + 20*c - 193. What is f(-12)?
-1
Let c(l) = 10*l**2 + 8*l - 11. Give c(1).
7
Let z(k) = -2*k**3 - 11*k**2 + 32*k + 2. Give z(-8).
66
Let o(c) = 78*c + 36. Determine o(-1).
-42
Let t(l) = l**3 - 8*l**2 - 86*l + 40. Give t(-8).
-296
Let k(q) = -q**3 + 949*q**2 + 4776*q + 29. Give k(-5).
-1
Let k(j) = j**2 + 31*j + 128. Calculate k(-26).
-2
Let y(h) = 95*h - 3731. What is y(39)?
-26
Let g(u) = -u**3 - 45*u**2 + 207*u + 555. Determine g(-49).
16
Let r(f) = 112*f - 1244. What is r(11)?
-12
Let o(b) = -5*b**2 + 544*b - 426. Determine o(108).
6
Let z(f) = f**3 - 26*f**2 + 98*f - 226. Give z(22).
-6
Let p(y) = -y**2 + 64*y + 1615. What is p(-20)?
-65
Let j(h) = -33*h**2 + 38*h + 16. What is j(3)?
-167
Let x(b) = -b**3 + 18*b**2 - 36*b + 604. Calculate x(18).
-44
Let h(z) = z**3 + 2*z**2 - 33*z - 106. Calculate h(-3).
-16
Let m(h) = h**2 + 176*h + 7384. Calculate m(-69).
1
Let n(c) = -296*c - 23986. Calculate n(-81).
-10
Let r(z) = -z**2 - 19*z - 54. Give r(-5).
16
Let i(d) = d**3 - 10*d**2 + 7*d + 45. Give i(10).
115
Let m(f) = 5*f**2 - 23*f + 20. What is m(4)?
8
Let s(c) = -457*c**2 - 2283*c - 9. What is s(-5)?
-19
Let c(m) = 302*m + 1524. Give c(-5).
14
Let x(f) = 4*f**2 - 32*f + 8. What is x(7)?
-20
Let x(s) = 35*s + 3. Calculate x(5).
178
Let t(l) = l**3 - 4*l**2 + 66*l - 350. Determine t(5).
5
Let m(r) = r**2 + 154*r - 2659. Give m(18).
437
Let k(v) = -v**3 - 34*v**2 + 488*v - 321. What is k(-45)?
-6
Let o(t) = t**3 - 18*t**2 + 6*t + 30. Give o(17).
-157
Let f(x) = -x**3 + 10*x**2 - 20*x + 4. Determine f(5).
29
Let r(i) = i**2 + 468*i + 23775. What is r(-410)?
-5
Let h(y) = -y**2 + 27*y - 95. Determine h(25).
-45
Let j(m) = 5130*m + 25651. What is j(-5)?
1
Let p(l) = -l**3 - 12*l**2 - 8*l - 24. What is p(0)?
-24
Let y(q) = 8*q**2 - 64*q - 3. Calculate y(7).
-59
Let f(u) = u**2 - 122*u + 593. Give f(5).
8
Let x(j) = 295*j + 734. Determine x(-5).
-741
Let n(p) = -752*p - 4514. What is n(-6)?
-2
Let n(t) = 12*t**2 - 43*t - 83. Give n(-2).
51
Let u(p) = 887*p + 7979. Give u(-9).
-4
Let l(c) = -449*c - 1400. Calculate l(-3).
-53
Let a(z) = 335*z - 25. What is a(-1)?
-360
Let h(b) = b**3 + 4*b**2 - 531*b - 154. Give h(-25).
-4
Let r(k) = 971*k - 1931. Give r(2).
11
Let p(a) = 5*a**3 + 91*a + 215. Calculate p(-2).
-7
Let d(j) = 15*j + 147. Give d(-11).
-18
Let s(f) = -f**3 + 9*f**2 + 418*f - 2541. Calculate s(6).
75
Let d(s) = -42*s - 1738. Give d(-45).
152
Let i(o) = -2*o**3 + 4*o**2 - 290*o + 559. Calculate i(2).
-21
Let o(n) = 258*n - 2. Calculate o(0).
-2
Let o(u) = -54*u + 272. What is o(5)?
2
Let q(v) = -v**3 - 402*v**2 + 106*v + 42620. What is q(-402)?
8
Let i(a) = 7*a - 489. Give i(22).
-335
Let l(m) = 127*m + 1034. What is l(-9)?
-109
Let u(h) = h**3 - 9*h**2 - 7*h + 1. Determine u(9).
-62
Let t(g) = -g**3 + 20*g**2 - 49*g + 10. Give t(16).
250
Let q(s) = 2*s**2 + s - 244. Calculate q(-12).
32
Let b(s) = -10*s**2 - 354*s + 41. Calculate b(-36).
-175
Let f(v) = -2*v**3 + 6*v**2 - 152*v + 615. Give f(4).
-25
Let h(i) = 3777*i + 188844. Calculate h(-50).
-6
Let o(w) = -w**3 + 14*w**2 - 52*w + 316. Calculate o(12).
-20
Let y(z) = -11802*z - 70818. What is y(-6)?
-6
Let s(m) = -19*m**2 + 160*m - 190. What is s(7)?
-1
Let r(l) = 4*l**2 - 290*l + 1462. Calculate r(67).
-12
Let g(y) = -194*y**2 + 972*y - 9. Determine g(5).
1
Let j(f) = -f**3 + 7*f**2 - 11*f - 18. Give j(6).
-48
Let j(o) = 22*o + 353. What is j(-10)?
133
Let n(r) = -2*r**2 + 19*r + 36. Calculate n(12).
-24
Let n(d) = -13*d**2 - 83*d - 11. What is n(-6)?
19
Let a(s) = 3*s**2 - 85*s + 546. Give a(10).
-4
Let f(k) = 19*k**3 + 11*k**2 - 21*k - 10. Calculate f(2).
144
Let f(v) = -103*v**2 + 225*v - 666. What is f(3)?
-918
Let q(h) = 7*h**2 - 752*h + 396. What is q(107)?
75
Let j(o) = -53*o**2 + 228*o - 1. Give j(4).
63
Let a(h) = -h**2 + 6482*h + 97455. Give a(-15).
0
Let w(y) = y**3 + 162*y**2 + 103*y - 9335. What is w(-161)?
3
Let t(r) = -3469*r + 20805. Calculate t(6).
-9
Let f(h) = 11*h**2 - 79*h + 14. Calculate f(6).
-64
Let q(p) = -p**3 + 36*p**2 - 31*p + 147. What is q(35